= -6*c(g) + 7*y(g). What is the units digit of i(-7)?
3
Let z(k) = 3*k**3 + 3*k**2 + 5*k + 2. Let g(s) = 7*s**3 + 5*s**2 + 10*s + 5. Let p(w) = 2*g(w) - 5*z(w). What is the tens digit of p(-5)?
2
Suppose -4*v - 36 = 4*n, v + 25 = -4*n + 4. Let m = 8 - v. What is the tens digit of m?
1
Let a = 0 - -2. Let y = a - -1. Let n(z) = z + 2. What is the units digit of n(y)?
5
Let q = 37 - 20. What is the tens digit of q?
1
Let d(m) = -27*m**2 + m. Let i be d(-1). Let l = -14 - i. Suppose 4*u - l = 14. What is the units digit of u?
7
Suppose 32 = -p - i + 103, 3*i = 4*p - 298. What is the units digit of p?
3
Let f = 5 - 6. What is the units digit of (-1)/((f/(-3))/(-1))?
3
Suppose 2*b + 2 - 6 = 0. Suppose -i + b = -5. Suppose -i = 2*v - 45. What is the tens digit of v?
1
Let t = -13 - -32. What is the tens digit of t?
1
Suppose 5*d - 4*y = 775, -5*d + 2*y + 62 + 723 = 0. What is the units digit of d?
9
Let x(a) = a**3 + 8*a**2 + 7*a + 5. Let i = -5 + -2. Let p be x(i). Suppose p = r - 7. What is the units digit of r?
2
Let w(z) = -15*z**3 - z**2 - 2*z - 1. Let d be w(-1). Suppose -2*f - 143 = -3*p, p + 4*f = -d + 58. What is the units digit of p?
7
Let v(a) = a**3 + 8*a**2 + 6*a + 3. Let o be v(-7). Suppose -c - 4*d = -o, -4*d = 2*c - 0 - 4. What is the units digit of 4/c - (-17)/3?
5
Let o(f) = f + 4. Suppose 3 = n - 2*n. What is the units digit of o(n)?
1
Suppose -i = 3 + 1, 0 = -5*o - 2*i + 7. Suppose 5*z - 42 = o*z. What is the tens digit of z?
2
Let c(k) = k**2 - k - 1. Let q be c(-1). Let t be (q - -5)/(3/2). Suppose 11 = 4*o + 3*w - 7, -t*o + 14 = 5*w. What is the units digit of o?
6
Suppose d - 3*a = -27, 0*a - 3*a = d + 15. Let b = d - -29. What is the units digit of b?
8
Let f(v) = v**3 - v**2 + v - 6. What is the units digit of f(3)?
5
Suppose -i + 2 + 1 = 0. Suppose i*z + 110 = 3*c + c, -c - 4*z = -37. What is the units digit of c?
9
Suppose 5*v = 2*v + 9. Suppose 0 = -66*w + 70*w - 12. Suppose -46 = -v*r + 2*x, 0*r + 5*x = w*r - 34. What is the units digit of r?
8
Let b(v) = -v**2 - 7*v + 3. Let f be b(-8). What is the units digit of (f/2)/((-5)/12)?
6
Let v(x) = -x**2 + x + 1. Let l be v(-7). Let p = -35 - l. What is the units digit of p?
0
Suppose 0 = -2*h - 6 + 2. What is the units digit of 1/h - 3/(-2)?
1
What is the hundreds digit of (131/4)/((-1)/(-4))?
1
Let d(f) = -7*f - 8. Let b(n) = -8*n - 9. Let z(k) = -4*b(k) + 5*d(k). What is the units digit of z(-4)?
8
Let t be (-38)/(-4) + (-5)/10. Suppose 60 = 5*n + 5*g, 5*n + t - 76 = 2*g. What is the units digit of n?
3
Suppose 0 = -g - 5*o + 10, g - 4*g = -4*o - 68. What is the units digit of g?
0
Let l = -2 + 89. What is the units digit of l?
7
Suppose 5 = -4*g + 1, g + 7 = -2*h. Let u be 11 + (-6)/h + -3. Let p = u - 5. What is the units digit of p?
5
Suppose 4*i - 3*y = -7*y + 40, -3*i + 2*y + 5 = 0. What is the units digit of (-18)/(-30) + 67/i?
4
Let j(l) = 46*l - 10. What is the hundreds digit of j(3)?
1
Let x(h) = h**2 + 5*h - 39. What is the units digit of x(10)?
1
Suppose 4*g - 13 = 7. Suppose 9*u - 4*u - 13 = -3*c, 0 = -4*u - g*c. What is the units digit of u?
5
Let t = 4 - -13. What is the units digit of 31 + 0 - (t + -14)?
8
What is the units digit of 10/2 + (-1 - 2)?
2
Suppose g + 145 = 6*g. What is the units digit of g?
9
Let g(u) be the third derivative of u**6/120 + u**5/30 + u**4/24 - u**3/3 + u**2. Let p be g(-2). Let f = p + 7. What is the units digit of f?
3
Let i be (-3)/(-12) - (-55)/4. What is the tens digit of 4/i - (-68)/7?
1
Let d be 15/(-3)*4/(-10). Let g be (-1 + 2)/(1/3). Suppose -k + 3*k + d*s = 6, -s - g = 0. What is the units digit of k?
6
Let g(q) = -q**2 - 3*q + 2. Suppose 0 = -s + 4*c + 5, -2 = -c + 3*c. Let h = s + -4. What is the units digit of g(h)?
2
Let a(m) = 94*m**3 + m**2 - m + 1. What is the units digit of a(1)?
5
Suppose 0 = 2*z - 3*z + 5. Suppose -q + 0 = 2*i - 13, -z*i + 2*q = -55. Let m = -4 + i. What is the units digit of m?
5
Suppose -5*a = 6 + 9, -i + 29 = -2*a. What is the units digit of i?
3
Let n(o) be the third derivative of -11*o**4/12 - o**3/6 - o**2. Let j = 9 - 10. What is the tens digit of n(j)?
2
Let k(v) = 24*v + 1. Let z be k(1). Let q = -15 + z. What is the tens digit of q?
1
Let d be (2/4)/((-7)/336). What is the units digit of 44/10 + d/60?
4
Let n be (84/18)/((-2)/(-21)). Let a = n - 16. Suppose -19 = -4*b + a. What is the units digit of b?
3
Let v = 0 + 0. What is the units digit of (-6 - -4) + v + 3?
1
Suppose -3*g = -3*a - 393, -5*g + g - a = -509. What is the hundreds digit of g?
1
Suppose -3*q = t - 5, -20 = -t - t + 4*q. Let x(i) = 2*i - 5. Let d be x(t). Let y = -2 + d. What is the units digit of y?
9
Let n(o) = 2*o**3 - 4*o**2 + 3*o - 5. What is the tens digit of n(3)?
2
Suppose 32 = 2*r + 6. Let v = -3 + -4. Let s = r + v. What is the units digit of s?
6
Suppose -d + 5*d - 8 = 0. Suppose 6*p + 3*o - 5 = d*p, 10 = 4*p - 2*o. Suppose -6 = p*j - 18. What is the units digit of j?
6
Let u = -3 - -5. Let m(a) = -5*a**3 - 2*a**2 + 3*a - 6. Let s(d) = -d**3 - d**2 + d - 1. Let y(b) = -m(b) + 4*s(b). What is the units digit of y(u)?
4
Let u = -3 + 3. Let q be (-1)/((-2)/8 - u). Let f = q + 1. What is the units digit of f?
5
Let q = 5 - 16. Let m = q - -4. Let r = m + 9. What is the units digit of r?
2
Let j be (-5 - -1)*3/6. Let x(r) = 2*r**2 - 2*r. Let y(d) = -2*d**2 + 2*d - 1. Let s(t) = 3*x(t) + 2*y(t). What is the tens digit of s(j)?
1
Let c = 5 + 8. Let a = c - 5. What is the units digit of a?
8
What is the units digit of 8/10 + 4788/90?
4
Let s(f) = 8*f**2 + 4*f + 1. What is the hundreds digit of s(4)?
1
Let w be 79 - 2*(0 + -1). Suppose -t = -4*t + w. What is the tens digit of t?
2
Suppose -2*t = -3*r + 7*r + 38, 0 = -5*r + 2*t - 34. Let n = r - -9. What is the units digit of n?
1
Suppose -s - 2 - 17 = -m, 3*m - s - 59 = 0. Suppose m = k + 3*k. What is the units digit of 28/k - 3/5?
5
Suppose 10*j + 384 = 13*j. What is the units digit of j?
8
Let n(w) = -w**2 + 4*w + 1. Let v = 14 + -11. What is the units digit of n(v)?
4
Suppose -21 = 2*j - 111. What is the tens digit of j?
4
What is the hundreds digit of (6/12)/((-2)/(-524))?
1
What is the hundreds digit of ((138 + 1)*1)/(79/237)?
4
Suppose d + 0 = 1. Let t = d - -16. Suppose -t = 5*y + 8, -4*y - 12 = i. What is the units digit of i?
8
Let i(q) = -3*q + 8. Let r be i(-7). Suppose 4*x - 109 + r = 0. Suppose -8 - x = -4*k. What is the units digit of k?
7
Let i be (-49 - (2 - 1))*1. Let p = i - -77. Suppose p = 5*c - 2*c. What is the units digit of c?
9
Let k be 2*1*(-20)/(-5). Let y = k - 15. What is the units digit of y/((-3)/(7 - 1))?
4
Let m = -97 + 116. What is the units digit of m?
9
Let m(q) = -q + 1. Suppose 4*r + f = -17, -2*f + 0 = 2. Let a be m(r). Suppose -2*l = -7*l + a. What is the units digit of l?
1
Let f(y) = -y + 2. Suppose 5*p + 3 + 27 = 0. What is the units digit of f(p)?
8
Suppose 0*s + 20 = -4*s, -2*v - 2*s - 4 = 0. Suppose q + 4 = v*q. Suppose -2*f + f + 5*c - 9 = 0, -f = q*c - 5. What is the units digit of f?
1
Let w(m) be the second derivative of -m**5/20 - m**4/4 + 2*m**3/3 + m**2/2 - 4*m. What is the units digit of w(-4)?
1
Let j be (1/(-3))/((-8)/1848). Let w = j - 52. What is the tens digit of w?
2
What is the tens digit of 3 - (-11 + -2 + -1)?
1
Let n = 37 + -11. Let c = n + -18. What is the units digit of c?
8
Let t(a) = -1 + 1 + 5*a - 3. What is the units digit of t(2)?
7
Suppose 5*s - 4*u - 2127 = 0, -2*s - 2*u + 852 = -4*u. What is the tens digit of s?
2
Suppose -8*c - 8 = -10*c. Suppose -2*b - p = -c*p - 4, -2*b = -p - 12. What is the units digit of b?
8
Let o(u) = u + 5. Let l(y) = 4*y + 16. Let r(x) = -3*l(x) + 8*o(x). What is the units digit of r(-4)?
8
Suppose -4*p + 15 = 3*l, -5*l = 4*p + 14 - 39. Let g(t) = p*t**2 + 0*t**2 + 1 - 3*t**2 + 4*t**2. What is the units digit of g(2)?
5
Let d(k) = k**3 + 15*k**2 - 20*k + 22. What is the units digit of d(-16)?
6
Suppose 0 = c - 24 - 5. What is the tens digit of c?
2
Let k be (-3)/(1/2*2). Let x(n) = -2*n - 5. What is the units digit of x(k)?
1
Suppose 0 = -2*l + 22 + 10. What is the units digit of l?
6
Let c(x) = 3*x**2 + 6*x + 6. Let y(m) = 4*m**2 + 6*m + 6. Let r(b) = 5*c(b) - 4*y(b). What is the units digit of r(6)?
6
Let o = 14 - 8. Let z = o + 4. What is the tens digit of z